 113, 149
What are the prime factors of 59558132?
2, 23, 647371
List the prime factors of 22171773.
3, 13, 751, 757
What are the prime factors of 196456771?
7, 1087, 25819
List the prime factors of 1125284337.
3, 125031593
List the prime factors of 209515868.
2, 349, 150083
What are the prime factors of 202194191?
307, 658613
List the prime factors of 81087578.
2, 11, 13, 227, 1249
What are the prime factors of 2778979602?
2, 3, 7, 6829, 9689
What are the prime factors of 29543926?
2, 17, 868939
What are the prime factors of 46696962?
2, 3, 13, 83, 7213
List the prime factors of 13277422.
2, 2447, 2713
List the prime factors of 354465915.
3, 5, 23631061
List the prime factors of 15332811.
3, 13, 41, 43, 223
What are the prime factors of 29562286?
2, 13, 17, 66883
List the prime factors of 905049312.
2, 3, 9427597
List the prime factors of 4786681859.
59, 4513, 17977
List the prime factors of 635709081.
3, 7, 30271861
What are the prime factors of 1869158?
2, 934579
What are the prime factors of 16422?
2, 3, 7, 17, 23
What are the prime factors of 127866353?
127866353
What are the prime factors of 1714152500?
2, 5, 17, 53, 761
List the prime factors of 586733203.
7, 1229, 9743
List the prime factors of 561100070.
2, 5, 491, 114277
What are the prime factors of 725505338?
2, 31, 1097, 10667
What are the prime factors of 259939576?
2, 13, 192263
List the prime factors of 47519463.
3, 127, 191, 653
What are the prime factors of 156151996?
2, 7, 11, 13, 59, 661
List the prime factors of 158715599.
7, 1987, 11411
What are the prime factors of 4588218194?
2, 7, 46818553
List the prime factors of 45431884.
2, 2309, 4919
List the prime factors of 1050202579.
53, 439, 45137
List the prime factors of 195307736.
2, 13, 1877959
What are the prime factors of 3042773916?
2, 3, 7, 13, 2786423
What are the prime factors of 5212264281?
3, 7, 19, 13063319
What are the prime factors of 7463428717?
787, 2341, 4051
What are the prime factors of 6331725424?
2, 229, 1728091
What are the prime factors of 309644396?
2, 173, 447463
What are the prime factors of 56633786?
2, 11, 53, 48571
List the prime factors of 318391024.
2, 7, 23, 17657
What are the prime factors of 369898858?
2, 7, 797, 33151
What are the prime factors of 2767002687?
3, 1109, 30803
List the prime factors of 81660464.
2, 5103779
What are the prime factors of 192755126?
2, 37, 2604799
What are the prime factors of 186887800?
2, 5, 11, 17, 19, 263
List the prime factors of 8663345.
5, 1732669
List the prime factors of 4471862295.
3, 5, 173, 631, 2731
What are the prime factors of 571444397?
571444397
What are the prime factors of 172274173?
107, 109, 14771
List the prime factors of 558540692.
2, 139635173
What are the prime factors of 29053780?
2, 5, 7, 139, 1493
List the prime factors of 5915555673.
3, 3911, 504181
List the prime factors of 44505578.
2, 13, 1711753
List the prime factors of 18801168.
2, 3, 391691
What are the prime factors of 45995677?
7, 13, 505447
List the prime factors of 305987518.
2, 89, 293, 5867
What are the prime factors of 197339546?
2, 1997, 49409
List the prime factors of 119007228.
2, 3, 73, 1861
List the prime factors of 104028081.
3, 101, 343327
What are the prime factors of 124954187?
124954187
List the prime factors of 54589718.
2, 23, 797, 1489
What are the prime factors of 190129790?
2, 5, 109, 174431
List the prime factors of 61858924.
2, 15464731
What are the prime factors of 1602633602?
2, 61, 13136341
List the prime factors of 109079939.
17, 271, 23677
List the prime factors of 1035941187.
3, 15299, 22571
What are the prime factors of 408562239?
3, 73, 241, 7741
What are the prime factors of 41922972?
2, 3, 7, 13, 67, 191
List the prime factors of 809318383.
149, 1237, 4391
List the prime factors of 205892584.
2, 25736573
List the prime factors of 5716670109.
3, 3623, 525961
What are the prime factors of 30288729?
3, 10096243
List the prime factors of 86731573.
86731573
List the prime factors of 353844692.
2, 3457, 25589
What are the prime factors of 819052516?
2, 5189, 39461
What are the prime factors of 483816184?
2, 997, 60659
What are the prime factors of 321219159?
3, 43, 233, 10687
What are the prime factors of 27611992?
2, 107, 32257
List the prime factors of 794162680.
2, 5, 29, 797, 859
What are the prime factors of 72648702?
2, 3, 7, 576577
What are the prime factors of 20966721?
3, 6988907
List the prime factors of 62196171.
3, 229, 90533
List the prime factors of 8934251.
73, 122387
What are the prime factors of 23126419?
41, 564059
List the prime factors of 65907532.
2, 197, 83639
What are the prime factors of 310288764?
2, 3, 719, 35963
List the prime factors of 247396620.
2, 3, 5, 149, 27673
What are the prime factors of 773748050?
2, 5, 15474961
What are the prime factors of 449244409?
73, 6154033
List the prime factors of 494876894.
2, 271, 631, 1447
What are the prime factors of 382036627?
7, 54576661
What are the prime factors of 537650224?
2, 33603139
List the prime factors of 62204222.
2, 149, 208739
List the prime factors of 90414470.
2, 5, 163, 55469
What are the prime factors of 397667928?
2, 3, 7, 338153
What are the prime factors of 84329167?
13, 181, 35839
What are the prime factors of 1124848478?
2, 13, 43263403
What are the prime factors of 1596146097?
3, 7, 13, 5846689
What are the prime factors of 75441830?
2, 5, 1217, 6199
List the prime factors of 884175776.
2, 11, 541, 4643
List the prime factors of 808747818.
2, 3, 134791303
List the prime factors of 390373695.
3, 5, 2891657
What are the prime factors of 9270429?
3, 7, 441449
List the prime factors of 1656209139.
3, 13, 17, 23, 313, 347
What are the prime factors of 120617206?
2, 19, 29, 109453
List the prime factors of 467188912.
2, 29199307
What are the prime factors of 1422279144?
2, 3, 11, 13, 138139
What are the prime factors of 56247913?
43, 1308091
List the prime factors of 20315702.
2, 11, 923441
List the prime factors of 3496587415.
5, 3041, 229963
List the prime factors of 1917680029.
1917680029
List the prime factors of 2857063128.
2, 3, 23, 5175839
List the prime factors of 15054126.
2, 3, 691, 3631
List the prime factors of 85094487.
3, 37, 47, 5437
List the prime factors of 19197681.
3, 29, 220663
What are the prime factors of 561453064?
2, 43, 239, 6829
What are the prime factors of 681431331?
3, 7, 37, 877003
What are the prime factors of 24745730?
2, 5, 2474573
List the prime factors of 5441020830.
2, 3, 5, 7, 2878847
List the prime factors of 4833387224.
2, 604173403
What are the prime factors of 509782844?
2, 19, 103, 65123
List the prime factors of 45240786.
2, 3, 19, 132283
What are the prime factors of 125967350?
2, 5, 2519347
What are the prime factors of 47207280?
2, 3, 5, 239, 823
List the prime factors of 2215727988.
2, 3, 829, 222731
List the prime factors of 464094095.
5, 19, 4885201
List the prime factors of 118278694.
2, 59139347
What are the prime factors of 295801380?
2, 3, 5, 7, 31, 7573
What are the prime factors of 77381161?
11, 13, 17, 139, 229
What are the prime factors of 147152440?
2, 5, 3678811
List the prime factors of 233558521.
7, 59, 565517
What are the prime factors of 209580456?
2, 3, 1553, 5623
List the prime factors of 178768766.
2, 11, 1237, 6569
What are the prime factors of 463280105?
5, 92656021
What are the prime factors of 6073470913?
6073470913
List the prime factors of 2199982173.
3, 733327391
What are the prime factors of 515460019?
109, 2027, 2333
What are the prime factors of 490802067?
3, 7, 269, 28961
List the prime factors of 27297176.
2, 59, 151, 383
What are the prime factors of 168356329?
1381, 121909
List the prime factors of 2984935448.
2, 11, 61, 50551
List the prime factors of 94339859.
23, 4101733
List the prime factors of 53397796.
2, 223, 59863
List the prime factors of 249400890.
2, 3, 5, 31, 83, 359
What are the prime factors of 95291132?
2, 37, 643859
What are the prime factors of 7712888?
2, 47, 73, 281
List the prime factors of 364404842.
2, 1733, 105137
What are the prime factors of 825828403?
251, 3290153
List the prime factors of 261898252.
2, 7, 11, 101, 8419
List the prime factors of 96606967.
79, 157, 7789
What are the prime factors of 638299852?
2, 61, 2615983
What are the prime factors of 6